{"id":133,"date":"2021-02-16T15:57:21","date_gmt":"2021-02-16T14:57:21","guid":{"rendered":"https:\/\/campus-psychiatrie.de\/site\/?page_id=133"},"modified":"2022-03-09T10:31:19","modified_gmt":"2022-03-09T09:31:19","slug":"home","status":"publish","type":"page","link":"https:\/\/campus-psychiatrie.de\/","title":{"rendered":"Home"},"content":{"rendered":"<p><span style=\"font-size: 12px;\"><span style=\"font-family: arial, helvetica, sans-serif;\"><span style=\"font-size: 20px;\"><strong>Herzlich Willkommen auf dem Campus Psychiatrie<br \/>\n<\/strong><\/span><br \/>\n<\/span><\/span><\/p>\n<table class=\" aligncenter\" style=\"width: 156.035%; border-collapse: collapse;\">\n<tbody>\n<tr>\n<td style=\"width: 59.8634%;\"><span style=\"font-size: 12px;\"><span style=\"font-family: arial, helvetica, sans-serif;\"><span style=\"font-size: 16px;\">\u201eCampus Psychiatrie\u201c ist eine wissenschaftlich ausgerichtete Website, <\/span><\/span><span style=\"font-size: 16px;\"><span style=\"font-family: arial, helvetica, sans-serif;\">die Inhalte von Fortbildungsveranstaltungen und Forschungsprojekte aus dem Bereich der <\/span><span style=\"font-family: arial, helvetica, sans-serif;\">Psychiatrie und Psychotherapie vereint. \u00a0 <\/span><\/span><\/span><span style=\"font-size: 16px; font-family: arial, helvetica, sans-serif;\">Die entsprechenden Lehrveranstaltungen finden derzeit nicht statt (weitere Angaben siehe &#8222;Zertifizierte Fortbildung&#8220;).<\/span><\/p>\n<p><span style=\"font-family: arial, helvetica, sans-serif;\">Inhaber der Website ist Prof. Dr. med. Waldemar Greil Psychiatrische Klinik, Universit\u00e4t M\u00fcnchen (LMU) und Sanatorium Kilchberg, in Kilchberg bei Z\u00fcrich sowie Praxis Rathausbr\u00fccke in Z\u00fcrich.<br \/>\n<\/span><\/p>\n<p><span style=\"font-size: 16px;\"><span style=\"font-family: arial, helvetica, sans-serif;\">Prof. Dr. med. Waldemar Greil<\/span><\/span><\/td>\n<td style=\"width: 88.8517%; vertical-align: top;\"><img loading=\"lazy\" decoding=\"async\" class=\"alignnone  wp-image-493\" src=\"https:\/\/campus-psychiatrie.de\/site\/wp-content\/uploads\/2022\/02\/Greil2022-e1646818199126-275x300.jpg\" alt=\"\" width=\"287\" height=\"313\" srcset=\"https:\/\/campus-psychiatrie.de\/wp-content\/uploads\/2022\/02\/Greil2022-e1646818199126-275x300.jpg 275w, https:\/\/campus-psychiatrie.de\/wp-content\/uploads\/2022\/02\/Greil2022-e1646818199126-939x1024.jpg 939w, https:\/\/campus-psychiatrie.de\/wp-content\/uploads\/2022\/02\/Greil2022-e1646818199126-768x837.jpg 768w, https:\/\/campus-psychiatrie.de\/wp-content\/uploads\/2022\/02\/Greil2022-e1646818199126.jpg 1174w\" sizes=\"auto, (max-width: 287px) 100vw, 287px\" \/><\/td>\n<\/tr>\n<\/tbody>\n<\/table>\n<p><span style=\"font-size: 16px;\"><span style=\"color: #000000;\"><span style=\"font-family: Arial, serif;\"><span lang=\"de-CH\"><strong>Praxis Rathausbr\u00fccke Z\u00fcrich<br \/>\n<\/strong><\/span><\/span><\/span><\/span><span style=\"font-size: 16px;\"><a href=\"https:\/\/www.praxisrathausbruecke.ch\/de-ch\/praxisteam.html\">Link zur Praxis<\/a><br \/>\n<\/span><\/p>\n<p><span lang=\"de-CH\" style=\"font-size: 16px;\"><strong><span style=\"font-family: arial, helvetica, sans-serif;\">Forschung Ludwig-Maximilians-Universit\u00e4t (LMU) M\u00fcnchen<\/span><br \/>\n<\/strong><\/span><a href=\"http:\/\/www.klinikum.uni-muenchen.de\/Klinik-und-Poliklinik-fuer-Psychiatrie-und-Psychotherapie\/de\/ueber_uns\/team\/greil\/index.html\"><span style=\"font-size: 16px;\">Link zu Prof. Greil LMU, Klinik<\/span><\/a><br \/>\n<a href=\"https:\/\/www.lmu-klinikum.de\/psychiatrie-und-psychotherapie\/forschung-research\/researchers\/1f52d200ebb4fca7\">Link zu Prof. Greil, LMU Forschung \/Researcher<\/a><\/p>\n<p><span style=\"font-family: arial, helvetica, sans-serif; font-size: 20px;\"><span style=\"font-size: 16px;\"><strong>Aktuell:<\/strong><\/span><br \/>\n<span style=\"font-size: 16px;\"><strong>\u00ab Ich stand Modell f\u00fcr einen fiktiven Chefarzt \u00bb &#8211;<\/strong><\/span><br \/>\n<span style=\"font-size: 16px;\">Prof. Dr. Waldemar Greil im Interview mit S\u00e9verine Bonini \u00fcber seine Begegnungen mit dem US-amerikanisch-kanadischen Schriftsteller John Irving. <a href=\"https:\/\/campus-psychiatrie.de\/wp-content\/uploads\/2022\/02\/200526-Greil-Interview-BrainMag-Bonini-BM_200514_20_2.pdf\"><strong>Interview<\/strong> <\/a>(Pdf-Datei) in brainMAG\u00a0 2020<\/span><br \/>\n<\/span><\/p>\n<p><strong><span style=\"font-family: arial, helvetica, sans-serif;\">Therapie mit Psychopharmaka:<br \/>\nWerden Frauen generell zu hoch dosiert?<\/span><\/strong><\/p>\n<p><a href=\"https:\/\/campus-psychiatrie.de\/wp-content\/uploads\/2022\/02\/220202-Greil-Geschlecht-BrainMag_200206_20_1_SGAMSP_S45.pdf\"><span style=\"font-family: arial, helvetica, sans-serif; font-size: 20px;\"><span style=\"font-size: 16px;\"><strong>Artikel zum Lesen<\/strong><\/span><\/span><\/a><br \/>\n<span style=\"font-size: 16px;\"><strong><span style=\"font-family: arial, helvetica, sans-serif;\"><br \/>\nArzneimittelsicherheit: Ist das Geschlecht von Bedeutung?<\/span><\/strong><\/span><br \/>\n<span style=\"font-size: 16px;\"><span style=\"font-family: arial, helvetica, sans-serif;\">Vortrag von Prof. Dr. Waldemar Greil, November 2019, <\/span><span style=\"font-family: arial, helvetica, sans-serif;\">ver\u00f6ffentlicht online first am 19. November 2019 auf der Website des medEdition Verlags. Und am 13. Februar 2020 in der Printversion im Magazin BrainMag 1-2020.<\/span><\/span><\/p>\n<p><span style=\"font-family: arial, helvetica, sans-serif; font-size: 16px;\">\u00a0<\/span><\/p>\n","protected":false},"excerpt":{"rendered":"<p>Herzlich Willkommen auf dem Campus Psychiatrie \u201eCampus Psychiatrie\u201c ist eine wissenschaftlich ausgerichtete Website, die Inhalte von Fortbildungsveranstaltungen und Forschungsprojekte aus dem Bereich der Psychiatrie und Psychotherapie vereint. \u00a0 Die entsprechenden Lehrveranstaltungen finden derzeit nicht statt (weitere Angaben siehe &#8222;Zertifizierte Fortbildung&#8220;). Inhaber der Website ist Prof. Dr. med. Waldemar Greil Psychiatrische Klinik, Universit\u00e4t M\u00fcnchen (LMU) und &hellip; <\/p>\n<p class=\"link-more\"><a href=\"https:\/\/campus-psychiatrie.de\/\" class=\"more-link\"><span class=\"screen-reader-text\">\u201eHome\u201c<\/span> weiterlesen<\/a><\/p>\n","protected":false},"author":1,"featured_media":0,"parent":0,"menu_order":0,"comment_status":"closed","ping_status":"closed","template":"","meta":{"footnotes":""},"class_list":["post-133","page","type-page","status-publish","hentry"],"_links":{"self":[{"href":"https:\/\/campus-psychiatrie.de\/index.php?rest_route=\/wp\/v2\/pages\/133","targetHints":{"allow":["GET"]}}],"collection":[{"href":"https:\/\/campus-psychiatrie.de\/index.php?rest_route=\/wp\/v2\/pages"}],"about":[{"href":"https:\/\/campus-psychiatrie.de\/index.php?rest_route=\/wp\/v2\/types\/page"}],"author":[{"embeddable":true,"href":"https:\/\/campus-psychiatrie.de\/index.php?rest_route=\/wp\/v2\/users\/1"}],"replies":[{"embeddable":true,"href":"https:\/\/campus-psychiatrie.de\/index.php?rest_route=%2Fwp%2Fv2%2Fcomments&post=133"}],"version-history":[{"count":66,"href":"https:\/\/campus-psychiatrie.de\/index.php?rest_route=\/wp\/v2\/pages\/133\/revisions"}],"predecessor-version":[{"id":563,"href":"https:\/\/campus-psychiatrie.de\/index.php?rest_route=\/wp\/v2\/pages\/133\/revisions\/563"}],"wp:attachment":[{"href":"https:\/\/campus-psychiatrie.de\/index.php?rest_route=%2Fwp%2Fv2%2Fmedia&parent=133"}],"curies":[{"name":"wp","href":"https:\/\/api.w.org\/{rel}","templated":true}]}}